) - 4*r(j). What is b(6)?
-2
Let f(m) = -m**2 - 12*m + 17. Let d be f(2). Let g(j) = j**2 + 18*j + 62. Let h be g(d). Let a(o) = -o - 24. Calculate a(h).
-9
Let b(k) = 28*k - 1079. Let d(t) = -7*t + 216. Let v(u) = 4*b(u) + 19*d(u). Determine v(-10).
-2
Let g(a) = -a + 31. Let b = 225 - 227. Let z be ((44/3 + -6)*-3)/b. Give g(z).
18
Let h(p) be the second derivative of -p**5/20 - 11*p**4/12 - 11*p**3/6 + 6*p**2 + 115*p - 5. What is h(-10)?
22
Let a(r) = -5*r + 76. Let h be a(15). Let v(y) = -y**3 + 2*y**2 - y + 1. Let i be v(h). Let f(l) = 2*l**2 + 2*l - 1. What is f(i)?
3
Let k(l) be the first derivative of l**4/2 - 4*l**3 + 2*l**2 - l + 5333. Determine k(6).
23
Let l(q) = q**3 - 5*q**2 + q. Let w(m) = 4*m**3 - 21*m**2 + 4*m. Let v(b) = -9*l(b) + 2*w(b). Let r be 19*6 + (7 - 3). Suppose -134*x + r*x = -32. What is v(x)?
2
Let s(q) = 0*q - 1 + 2*q + 0. Let l be s(-4). Let d(m) = -405 + 8*m + 78 + 77 + 80 + 10*m**2 + 96 + m**3 + 76. Calculate d(l).
11
Let v be 55/3 - 3/9. Suppose 2*k - 15 - 27 = 0. Suppose -15*b - k = -v*b. Let x(d) = d - 4. Calculate x(b).
3
Let k(g) = -13*g - 74. Let r be k(-6). Suppose r*b - 30 = -6*b. Let p(z) = z**2 - 2*z + 4. What is p(b)?
7
Let i(w) = -9*w**2 - 2*w**2 + 11*w**2 + 1 + 4*w**2 - w**3 + 5*w. Let h = -350 - -355. What is i(h)?
1
Suppose 11 = 2*q - 13. Let a(y) = y**2 - 84*y - 4*y**2 + 71*y + 4*y**2. Calculate a(q).
-12
Let q(c) be the first derivative of c**3/3 - 15*c**2/2 + 18*c - 944. What is q(13)?
-8
Suppose -37*z - 159 = 137. Let g be (15/6)/(1/(-2)). Let x(i) = -4*i - 3. Let d(n) = -7*n - 7. Let h(b) = g*x(b) + 3*d(b). Calculate h(z).
2
Let a = -419 - -421. Let i(o) = -8*o + 1 - 7*o**2 + 5*o**a + 3*o**2 - o + 0*o. What is i(8)?
-7
Let b = 21 - 13. Let l(t) = 9*t**3 - t**2 - t - 1. Let q(h) = 37*h**3 - 12*h**2 - 3*h - 7. Let k(f) = -4*l(f) + q(f). What is k(b)?
5
Let m(g) be the second derivative of g**5/20 - g**4/4 - g**3/3 - 2*g**2 + 2*g. Suppose -48*o = -276*o + 684. Calculate m(o).
-10
Suppose -6*b = 555 - 549. Let m(v) be the third derivative of 0 - 1/6*v**3 - 1/12*v**4 + 7/60*v**5 + 0*v - v**2. Calculate m(b).
8
Let a(o) = o**3 + 3*o**2 + 6*o + 7. Let y(s) = -s. Let g(d) = a(d) + 3*y(d). Give g(-3).
-2
Let y(g) = g + 35. Let z(i) = 11*i - 7. Let v(t) = 2*y(t) - z(t). Calculate v(8).
5
Let k be (12200/(-52))/(-5) + 2/26. Let p(u) = -10*u + 476. Determine p(k).
6
Let c = 71 + -76. Let h(w) = 71*w + 66*w**2 - 65*w**2 - 5 - 72*w. What is h(c)?
25
Let g(i) = -13*i**2 - 47*i - 218. Let y(c) = -9*c**2 - 45*c - 216. Let s(q) = 2*g(q) - 3*y(q). Determine s(-35).
2
Let w(o) = 17*o**3 - 4*o**2 - o + 1. Let v(p) = -50*p**3 + 11*p**2 + 3*p - 3. Let f(k) = -4*v(k) - 11*w(k). Suppose 107*l - 216*l = -109. What is f(l)?
13
Let h(s) = 8*s**2 + 20*s - 20. Suppose 4*n = -22*n + 442. Let i(m) = -3*m**2 - 7*m + 7. Let o(r) = n*i(r) + 6*h(r). Determine o(1).
-3
Suppose 29*j + 26 + 32 = 0. Let b be (1/(-3))/((-5)/30). Let o(p) = p - 2 + 0 - b*p. Give o(j).
0
Let t(v) = -15*v**2 + v + 8. Suppose 3 = -4*b + 3*n - 15, -5*b - 2*n - 34 = 0. Let f(r) = 7*r**2 - r - 3. Let u(j) = b*t(j) - 13*f(j). What is u(6)?
-3
Let s(x) = 7*x**2 - 6*x + 5. Let d(n) = -3*n**2 + 4*n**2 - 2 - 4*n**2 - 6*n + 9*n. Let w(j) = -10*d(j) - 4*s(j). Determine w(4).
8
Let x(z) be the first derivative of 31*z**2/2 - 335*z + 1046. Give x(11).
6
Let b(w) be the first derivative of w - 10 + 1/3*w**3 - 13/4*w**4 - 1/2*w**2. Let m be 39/52 + 1/4. What is b(m)?
-12
Let k(s) = 27*s**2 + s - 2. Let p(z) = -z**3 - 99*z**2 - 10*z - 6. Let w(y) = -4*k(y) - p(y). Determine w(7).
-42
Suppose 4*b = 11*b - 399. Suppose b = 14*i + 1. Let m(c) = -c - 2. Let h(s) = 15*s + 33. Let a(w) = -2*h(w) - 33*m(w). What is a(i)?
12
Let q(g) = -3*g - 13. Suppose -4*j + 30 = j. Let l(r) = 4*r + 14. Let c(h) = j*q(h) + 5*l(h). Calculate c(10).
12
Let g(a) = -21*a + 1140. Suppose 127 = 3*c + 5*b, -3*b - 987 = 3*c - 1128. Give g(c).
6
Let h = -788 - -788. Let p(m) be the third derivative of 1/30*m**5 + 0 + h*m**3 + 0*m + 9*m**2 - 1/24*m**4. Determine p(-2).
10
Suppose -5*k + 8 = -17. Let p be (2/1)/(1 - (-3)/(-5)). Let d(q) = 4 + q**3 + 0*q**2 - 6*q**2 + 0*q**3 + p*q. Give d(k).
4
Let t(f) be the third derivative of f**6/120 - 7*f**5/60 + 7*f**4/24 + f**3 - 53*f**2 + 8. Suppose -37 = -5*g - 2. Let c = g - 1. Give t(c).
12
Suppose -n - i = -6, -3*i - 4 = 11. Let p be n + -13 + (-1 - -35). Let a = 32 - p. Let u(d) = d**2 - d - 9. Determine u(a).
-9
Let z be (-21)/(-2) + 55/(-22). Let q(l) = 7*l**2 - 14*l - 6. Let y(m) = 6*m**2 - 13*m - 5. Let v(k) = -5*q(k) + 6*y(k). Give v(z).
0
Let r(v) = v**3 + v**2 + 10*v + 9. Let q be 22/(-44)*(2 - 2) + -1. Determine r(q).
-1
Suppose -11*v - 4 = 4*y - 2, -2*y + 18 = -4*v. Let d(h) = h**2 - 7*h + 19. Calculate d(y).
9
Let l be (-78)/4*10/15. Let c be 8/(-10)*(-147 + l). Let g be (-1)/2*c/16. Let u(o) = -o + 5. Determine u(g).
9
Let f(x) = -x**3 + 5*x**2 - 7*x + 5. Let b be f(4). Suppose -i - 12 = 13*a - 10*a, 4 = -4*a. Let v = i - b. Let o(s) = -s**3 + 3*s + 3. Determine o(v).
5
Let s(q) be the first derivative of q**2 + q - 6. Let m(h) = h**2 - 2. Let o be m(-2). Suppose -2*y = -2*a + o*y, 3*y - 20 = 4*a. What is s(a)?
-15
Let j(u) be the first derivative of -9*u**2/2 + 4*u - 57. Let r = 13 + -10. What is j(r)?
-23
Let r(p) be the second derivative of p**4/12 - p**3/6 + p**2/2 + 18*p - 1. Let q = -18 + -4. Let x = q - -19. Calculate r(x).
13
Let u = 79 + -81. Let c(p) = 375*p**2 - 1 + 3 - 374*p**2 + 1. Calculate c(u).
7
Let i(n) = n**3 + 4*n**2 + 0*n**2 - 5*n + 2*n**2 + 10. Let y = 61675 - 61682. Determine i(y).
-4
Let t(d) = -d + 2. Let f(c) = c**3 + 5*c**2 - 3*c + 1. Let i be 272/(-24) + 12 + (-4)/(-3). Let a(k) = i*t(k) - f(k). Give a(-3).
-18
Let d(w) = 1132 + 1129 + 1131 - 3401 - 11*w. Calculate d(-8).
79
Let b be 2/(-7)*(-7 + (-2 - 5)). Suppose -11*u + 14*u - 12 = -m, -b = -u - 5*m. Let k(j) = -j**2 + 2*j + 1. Determine k(u).
-7
Let t(d) be the second derivative of -1/20*d**5 + 5/12*d**4 + 3/2*d**3 - 13*d - 4*d**2 + 0. Calculate t(6).
10
Suppose -2 = 2*s - 2*n, -2*n = 5*s - 4*s + 10. Let p be s/5*605/(-22) - -3. Suppose -2*f + 10 = 0, 2*f = -2*w - w + p. Let i(d) = d**2 - 6*d + 4. Give i(w).
-1
Let n = 9692 - 9684. Let a(o) = o**3 - 5*o**2 - 14*o + 8. Determine a(n).
88
Let m(r) = -r**3 - 3*r**2 + 14*r + 11. Let j be (8 + -83)/15 + 1 + -1. Calculate m(j).
-9
Let b(v) = -v**2 - 1. Suppose 15*q - 104 = 28*q. Let d be (-28)/(-12) + (q/(-3) - 3). Determine b(d).
-5
Let n(g) = -4*g**3 + g**2 + 6*g - 7. Let l(s) = s**3 + s**2 - 2*s - 1. Let w(u) = -2*l(u) - n(u). What is w(2)?
9
Let l(f) = 6 - 70*f**3 + 205*f**3 - 28*f - 65*f**3 - 69*f**3 + 6*f**2. What is l(-9)?
15
Let c(u) = -6*u**2 + 5*u + 4. Let j be c(-1). Let i(t) be the third derivative of -t**5/60 - 5*t**4/12 - 5*t**3/3 - 10*t**2. What is i(j)?
11
Let y be (-2)/5 - (-4)/10*299/(-26). Let l(q) be the first derivative of 7 - 1/2*q**2 + 4*q. Determine l(y).
9
Let b(y) = -14*y - 404. Let c be b(-29). Let a(s) = -50 - 31 - c*s + 47. Determine a(-19).
4
Let q(p) = -p**3 + 7*p**2 - 12*p + 10. Let l = 3513 + -3509. What is q(l)?
10
Let p = 11891 + -11889. Let n(o) be the first derivative of -2*o**3/3 - o**2 + 3*o - 2. Calculate n(p).
-9
Let y(k) be the first derivative of k**4/4 - 2*k**3/3 - k**2 + 4*k + 374. Suppose 5*c + 0 - 10 = 0. Let q(s) = 2*s**2 - 3*s + 1. Let i be q(c). Determine y(i).
7
Let l(a) = 2*a + 20. Let q be l(-7). Suppose -7 = -q*t + 17. Let v(w) = 2*w**2 - 7*w - 7. Let p be v(t). Let h(r) = r - 3. Calculate h(p).
-6
Let t(h) = -15*h**2 - 2*h + 6. Let y(c) = -c**2 - 23*c + 572. Let u be y(-38). Calculate t(u).
-58
Suppose 0 = 2*i - 0*i + 3*q - 17, 4*q = 3*i. Let s(w) = -i*w + 2*w**2 + 6*w - 4*w + 1. Suppose -112*g - 576 = 100*g + 49*g - 1620. Calculate s(g).
25
Let q(o) = 2*o**3 + o**2 - 2*o. Suppose -9*z + 5*z = -5*h + 198, -3*z = 4*h - 177. Let p be ((-7)/(h/4))/((-1)/(-3)). What is q(p)?
-8
Suppose 3*z + 136 = -4*u + 145, -2*z - u = 4. Let v(w) = -w**3 - 4*w**2 + 5*w + 11. Determine v(z).
11
Let z(u) = 2*u**2 + 15*u**2 + 7 - 7 - 2 - 11*u**2. What is z(1)?
4
Let v(i) = -4*i**3 + 5*i**2 + 2*i + 12. Let l be (4/8)/(4/(-8)). Let x(o) = -o**3 + o + 1. Let w(n) = l*v(n) + 5*x(n). What is w(-6)?
11
Suppose 8*c - 152 - 120 = -26*c. Let s(f) = f**2 - 8*f + 9. Calculate s(c).
9
Let x